alculate r(1).
7
Let z(w) = 7*w. Let r(x) = x - 14. Let j be r(10). Let o = j - -6. Suppose -o*k + 0 - 2 = 0. Determine z(k).
-7
Let u(y) = -2 + 2*y + 1105*y**2 - 1102*y**2 + 0*y. Let a(p) = 10*p**2 + 7*p - 6. Let b(r) = -2*a(r) + 7*u(r). What is b(-5)?
23
Let o(z) be the first derivative of 1/2*z**2 - z + 4/3*z**3 + 1/4*z**4 + 1. Calculate o(-3).
5
Let o = 62 - 57. Let w(h) = -h + o + h**2 - h - 4*h - 2*h**2. Calculate w(-7).
-2
Let y(k) = -156 + 148 + k + k. Give y(4).
0
Let r(l) = l**2 + l - 1. Let o(m) = 11*m**2 - 3*m + 2. Let j(n) = o(n) + 2*r(n). Let x(b) = b**3 + 6*b**2 - 1. Let i be x(-6). What is j(i)?
14
Let n be (-20)/60 + 312/18. Let y(c) = 3*c - 61. Give y(n).
-10
Let a(c) = -3*c + 3. Let n be (8/6)/(40/210). Suppose -5*u - 4 = -n*u. What is a(u)?
-3
Let f be (7/(-3))/(10/30). Let d(l) = -l + 14. What is d(f)?
21
Let j(c) = -29*c + 11*c + 6*c + 11*c + 6 + 2. Calculate j(4).
4
Let k(n) = -n**2 - 7*n - 6. Let s = -10 + 14. Suppose 2*r - 5*y = 2, 4*r - s*y + 10 = 2. Calculate k(r).
6
Let b(w) = -576*w**2 + 296*w**2 - 4 + 283*w**2 - w**3. Suppose 3*q - 9 = -0*q. Give b(q).
-4
Let c = 683 + -687. Let a(o) = o**3 + 3*o**2 + 5*o + 2. Determine a(c).
-34
Let v(z) = -z - 149. Let n(u) = -u - 179. Let a(i) = -5*n(i) + 6*v(i). Let b = -3 + -3. Determine a(b).
7
Let m(t) = t**3 + 4*t**2 + t - 3. Let q be -5*((-12)/(-15) - 0). What is m(q)?
-7
Let i(j) = -33*j. Let f(y) be the second derivative of -y**3/6 + 10*y. Let o(p) = -44*f(p) + i(p). What is o(-1)?
-11
Let q = 6 + -3. Let k(n) = -14 + 4*n - n**2 - 16 + 40 - 14. Calculate k(q).
-1
Let t(z) = 7*z - 21. Let l(n) = 99*n - 286. Let g(c) = 4*l(c) - 55*t(c). Give g(3).
44
Let u(r) = -7*r**3 + 665*r**2 - 1 - 665*r**2 - 9*r. Let z(j) = j**3 - j**2 + j. Let h(q) = u(q) + 6*z(q). Give h(-5).
-11
Suppose 0 = 4*j - 12*j - 64. Let w(c) = -c**2 - 7*c - 5. What is w(j)?
-13
Let t(d) = -d**2 + d + 1. Let h be (-20)/(-6)*15/10. Suppose 0 = -l + h*l. Suppose l*z = -3*i + 2*z + 1, 4*i + 4*z - 28 = 0. Give t(i).
-5
Let q(h) = -2*h**2 - 2*h - 1. Let a be q(-2). Let f(l) = 2*l + 8. Suppose 2 = -v + 5. Let g(u) = -2*u - 9. Let k(j) = v*g(j) + 4*f(j). Calculate k(a).
-5
Let m = -11 - -13. Suppose 5 - m = n. Suppose -12 = -3*i - n. Let o(s) = -s - 1. Calculate o(i).
-4
Let r(p) = 0*p - p + 2*p**2 - 7*p. Calculate r(3).
-6
Let d(l) = 2*l**2 - 5*l - 2. Let a(f) = -f**2 + 5*f + 1. Let i be a(6). Let n(b) = b**2 + 3*b - 5. Let x be n(i). What is d(x)?
23
Let z(q) = -q**3 - 4*q**2 + 3*q - 2. Let m be z(-4). Let a = m - -17. Let g(c) = 5*c + 0*c - 4*c - a + 0*c. Calculate g(4).
1
Let a = 40 - 31. Let n be a/(-27) - 44/(-6). Let k(j) = j - 10. Determine k(n).
-3
Suppose w = 3*w - 12. Let f(x) = 2*x**2 + 26*x - 15. Let a(j) = -j**2 - 16*j + 8. Let v(h) = 7*a(h) + 4*f(h). Give v(w).
-16
Let a(v) = -2*v - 4. Suppose 2*q + 10 = -16. Let f = q + 9. Calculate a(f).
4
Let a(n) = -n**2 - 26*n - 27. Let p be a(-11). Let w = p - 150. Let r(h) = h**2 + 12*h + 1. Determine r(w).
1
Let f(v) = v**3 - 5*v**2 - 3*v - 2. Let y be (-8)/(-8)*-10*1/(-2). What is f(y)?
-17
Let g(c) = -c**3 + c + 10 - 18 - 2*c**2 + c**2. What is g(0)?
-8
Let k(a) be the second derivative of a**7/168 + a**5/120 + a**4/24 - a**3/2 + 12*a. Let m(v) be the second derivative of k(v). Calculate m(-1).
-5
Let o be 2/(((-6)/(-5))/3). Let f(j) = -2 + 5 - 2 + j**2 + 1632*j - 1641*j + 4. Determine f(o).
-15
Let n(b) = -2*b - 17. Let z be n(-11). Suppose c = -5*q - 30, -2*c + z*c = 3*q. Let j(d) = -4*d**3 - 4 + 3*d - 4*d**2 + 3*d**3 + 0*d**2. Give j(q).
6
Suppose 2*n - 2 = 3*n + b, 4*n - b = -28. Let o = 319 + -172. Let u(w) = w**2 + 71*w - 6 + 80*w - o*w. Calculate u(n).
6
Let z = 84 - 82. Let a(i) = 4*i + 0 + z + 3 + 1. Suppose 0 = -5*b + r + 3 - 19, 2*b - 4*r - 8 = 0. Calculate a(b).
-10
Suppose -4*h = -3*h - 57. Let y = -61 + h. Let m(c) = c + 1. Determine m(y).
-3
Let a(x) = -x**2 - x + 1. Let k be (-2)/15 + 282/90. Suppose -4*v + k*r - 20 = 0, 3*v - 4*r + 16 = -6. Give a(v).
-1
Let j(q) be the second derivative of -q**5/20 + q**4/2 - 5*q**3/6 + 3*q**2 + 12*q. Let u = 26 - 21. What is j(u)?
6
Let a(j) be the third derivative of -13*j**2 + 2/3*j**3 + 0 + 0*j + 1/12*j**4. Determine a(-7).
-10
Suppose 4*q - 3*p = 21 - 65, 4*q - 5*p = -44. Let i(v) = 2*v + 5. Determine i(q).
-17
Let j(z) = 3*z + 2. Let t be 5 + ((3 - 5) + 3)*-7. What is j(t)?
-4
Let s(r) = -r + 2*r - 3*r**2 + 2*r**2 + 1 - 7*r. Let n(f) = -2*f**2 - 6*f + 2. Let j(a) = -2*n(a) + 3*s(a). Determine j(5).
-6
Let i(o) be the second derivative of -o**4/12 + o**3/3 + 3*o**2/2 - o. Let p be i(-2). Let t(u) be the first derivative of -u**2/2 - 3*u + 2. Give t(p).
2
Let s(o) = o**3 - 11*o**2 + o - 8. Let h(q) = 3*q**2 + 37*q + 55. Let k be h(-11). Determine s(k).
3
Suppose -p - 7 + 4 = 0. Let h(n) = -7*n**2 + n + 4. Let u(i) = -i**2 + 1. Let x(r) = -h(r) + 6*u(r). Give x(p).
14
Suppose 0 = -2*d + 3*d - 7. Suppose 33 = 2*r + 5*z, 1 = 4*z - 19. Let m(i) = -r + d*i + 8*i - 14*i. Calculate m(6).
2
Let f(k) be the third derivative of k**4/24 - 3*k**3/2 - 4*k**2. Let o(r) = -r**3 + r**2 + 10*r + 1. Let g be o(-3). Determine f(g).
-2
Suppose -5*h + 9 = 4. Let i(y) be the first derivative of -y**4 - y**3/3 + y + 9. What is i(h)?
-4
Let x(c) = -10*c**2 - 2*c - 9. Let r(h) = -13*h**2 - 4*h - 10. Let p(s) = 4*r(s) - 5*x(s). Calculate p(-5).
-15
Let b be 4 + (2 - 8/(-4)). Let u be b - ((-4)/4)/(-1). Let q(i) = i**3 - 8*i**2 + 6*i + 1. Give q(u).
-6
Let a(n) = 4*n**3 - 14*n**2 - n + 5. Let r(k) = -5*k**3 + 16*k**2 + k - 6. Let d(w) = 6*a(w) + 5*r(w). Give d(-4).
4
Let y(s) be the first derivative of s**4/4 - 8*s**3/3 + 4*s**2 - s - 3. Determine y(7).
6
Let d(i) = -i**3 - 8*i**2 + 5. Let t = 4 + -5. Let r = t + -7. Calculate d(r).
5
Let z(h) = h - 31. Let j(y) = -y + 32. Let w(t) = 6*j(t) + 7*z(t). Determine w(13).
-12
Let k(w) = 21*w + 17. Let t(x) = -290*x - 235. Let j(g) = 55*k(g) + 4*t(g). Give j(-1).
0
Let r(p) be the second derivative of p**5/20 - p**4/3 + 5*p**3/6 - 5*p**2/2 + 3*p - 14. What is r(4)?
15
Let x(a) = 9*a**2 + 4*a - 7. Let u(n) = -n**2 + 4*n + n - 4 + 6*n**2 - 3*n. Let p(d) = -11*u(d) + 6*x(d). Calculate p(3).
-1
Let t(l) = -l**3 + 5*l**2 - 6*l + 5. Let k(d) = 2*d - 14. Let u be k(8). Suppose 4*h - 2*i = -70, -3*i + 11 = u. Let o be 24/h*8/(-3). Determine t(o).
-3
Let n(b) be the second derivative of -b**5/60 - 7*b**4/24 + b**3/6 + 8*b**2 + 7*b. Let k(v) be the first derivative of n(v). What is k(-6)?
7
Suppose -32 = -7*g - g. Suppose g*x - 19 = 1, -m + 4*x - 14 = 0. Let o(w) = -w**2 + 7*w - 2. Give o(m).
4
Let t(y) be the third derivative of y**7/280 + y**6/90 + y**5/60 - y**4/12 - 3*y**3/2 - 4*y**2. Let b(d) be the first derivative of t(d). Determine b(-2).
-14
Let j(q) = -q**3 + 1. Let a(p) = 5*p**3 + 13*p**2 + p + 14. Let d(o) = a(o) + 4*j(o). Calculate d(-13).
5
Let w(x) = 94 + 2*x - 228 + 73 + 93. Determine w(-17).
-2
Let r(t) = 5*t - 3. Let z(y) = -2*y - 4. Let s(p) = 2*p + 3. Let a(v) = -5*s(v) - 4*z(v). Let m(w) = -7*a(w) - 3*r(w). What is m(3)?
-1
Let v(s) = 7*s**3 + s**2 + 4*s - 2. Let y(x) = -x - 13. Let t be y(-6). Let z = -8 - t. Let f(l) = -l**3 - l + 1. Let d(k) = z*v(k) - 6*f(k). What is d(-3)?
8
Let k = 187 - 180. Let m(x) = x**3 - 6*x**2 - 9*x + 9. What is m(k)?
-5
Let p(g) = -3*g - 4 + 3 + 9*g + 6*g**2 + 8 - 5*g**2. Determine p(-5).
2
Let z(y) = 3*y + 20. Suppose 0 = 2*k + s + 8, s + 14 = -4*k + k. Let m be z(k). Let x(i) = 3*i**3 - 3*i**2 + 2*i. Calculate x(m).
16
Suppose -79*f + 74*f - 25 = 0. Let i(z) be the third derivative of 0 - 5/6*z**3 - 1/24*z**4 + 0*z + z**2. Give i(f).
0
Let j = 19 - 19. Suppose 3*m = -2*w + 22, -2*m = -j*w - w - 3. Let o(r) = -r**3 + 5*r**2 + 2*r - 6. Give o(w).
4
Let j(t) be the second derivative of 1/20*t**5 - 1/3*t**4 - 7/6*t**3 + 8*t + 0 + 3*t**2. Let l = 12 + -7. Give j(l).
-4
Suppose -4*b + 15 = 3*w - 33, 3*w + 5*b - 51 = 0. Let v(d) = -w*d - 1 + 2*d + 2*d. Calculate v(-1).
7
Let v(m) = -m**2 + 8*m + 5. Suppose 3*t - 67 = 68. Suppose -t = -5*p + 3*d, 12 = 4*p - d - 24. Determine v(p).
-4
Let k be (5/(-4))/((-1)/(-4)). Let d(w) = -14*w + 58. Let t(h) = 9*h - 36. Let c(x) = 5*d(x) + 8*t(x). Give c(k).
-8
Let b(x) = -x**3 - 24*x**2 + 2*x + 4. Let a(g) = -g**2 + 2*g - 1. Let f(n) = a(n) - b(n). Determine f(-23).
-5
Let a(k) = k - 120*k**3 + 57*k**3 + 